ite?
True
Is 5134995223 a prime number?
False
Is 5368488017 a prime number?
True
Is 18852311623 a prime number?
False
Is 866287291 a prime number?
False
Is 444611719 a prime number?
True
Is 1424973607 prime?
True
Is 3462018103 a prime number?
False
Is 687500887 a prime number?
True
Is 2325826487 composite?
False
Is 23694705647 composite?
False
Is 185026183967 a composite number?
False
Is 8430015281 a prime number?
False
Is 823119049 prime?
True
Is 912711953 prime?
False
Is 692306339 composite?
True
Is 115268906219 a composite number?
True
Is 8180907055 composite?
True
Is 7996117826 prime?
False
Is 145826437 composite?
True
Is 11574255439 composite?
True
Is 57386529383 prime?
False
Is 395372579 a composite number?
True
Is 3735544717 a composite number?
True
Is 890327063 prime?
False
Is 28792940117 composite?
False
Is 32363549923 composite?
True
Is 1657366847 a composite number?
False
Is 258366259 a composite number?
False
Is 11190919543 a composite number?
False
Is 33305563903 prime?
False
Is 1658428873 a composite number?
False
Is 887454979 a composite number?
False
Is 3114067273 composite?
True
Is 2276134799 composite?
False
Is 2025884531 a prime number?
False
Is 181515527 a prime number?
True
Is 2114609149 composite?
False
Is 36496252739 a composite number?
False
Is 169282671 composite?
True
Is 5529879613 composite?
False
Is 3055496183 prime?
False
Is 561578929 a composite number?
False
Is 288176773 a composite number?
False
Is 53277716333 composite?
False
Is 663304823 composite?
False
Is 110353778 a prime number?
False
Is 160677781 a composite number?
True
Is 93980543 a composite number?
False
Is 911430167 composite?
False
Is 2940189781 composite?
True
Is 97302236243 composite?
True
Is 91954001609 a composite number?
True
Is 588644167 prime?
True
Is 4826422949 a prime number?
True
Is 8626535499 composite?
True
Is 365531189 prime?
True
Is 8023354331 prime?
False
Is 35874401867 composite?
False
Is 11949691433 composite?
False
Is 4716338239 a composite number?
True
Is 32499666769 composite?
True
Is 163275323 composite?
False
Is 62522624743 prime?
False
Is 257806603097 a composite number?
False
Is 289759787 prime?
True
Is 788829553 prime?
False
Is 15588322079 composite?
True
Is 350248411 a composite number?
False
Is 77752014029 a composite number?
False
Is 21778717481 a composite number?
True
Is 10857766187 prime?
False
Is 2609890103 a composite number?
True
Is 65082473 a composite number?
False
Is 99785020813 prime?
True
Is 15505738393 composite?
True
Is 2037993149 composite?
True
Is 24368607269 composite?
False
Is 522935447 a composite number?
False
Is 17097425573 a prime number?
True
Is 114843682379 a prime number?
True
Is 15614875799 a composite number?
False
Is 37810469 prime?
True
Is 30169491503 composite?
False
Is 731090863 a prime number?
True
Is 15114337993 prime?
False
Is 1303642487 composite?
True
Is 234655387 prime?
False
Is 11885673323 a prime number?
True
Is 467705633 a composite number?
True
Is 225818894491 composite?
False
Is 1588593361 prime?
True
Is 5001421397 a prime number?
False
Is 5032680923 a prime number?
True
Is 347976973 a prime number?
False
Is 766128871 prime?
True
Is 46760433779 composite?
True
Is 172278361 composite?
False
Is 11995130513 composite?
True
Is 618228034 a prime number?
False
Is 1693846562 prime?
False
Is 109416505801 a composite number?
True
Is 9121732231 composite?
False
Is 1834746521 a composite number?
True
Is 4767208483 composite?
False
Is 43059201811 prime?
False
Is 6288403735 a prime number?
False
Is 337746560185 composite?
True
Is 12113154433 a composite number?
True
Is 55388129 a prime number?
False
Is 6483078947 composite?
True
Is 1995068111 prime?
True
Is 107657347997 a composite number?
False
Is 531101011 prime?
False
Is 9901764921 prime?
False
Is 703749541 a prime number?
False
Is 94502334317 prime?
False
Is 5880800573 composite?
False
Is 118785720373 prime?
True
Is 194916523 prime?
True
Is 91261351829 prime?
False
Is 56466282403 a prime number?
False
Is 4033746446 prime?
False
Is 569306243 a prime number?
False
Is 40173744479 a composite number?
True
Is 1849426027 prime?
False
Is 90683544841 a composite number?
False
Is 23102714 a composite number?
True
Is 103034191979 prime?
True
Is 185596344889 a composite number?
True
Is 133133126389 composite?
False
Is 1430683321 composite?
True
Is 2168428831 a composite number?
False
Is 465664253 a composite number?
False
Is 45510862234 composite?
True
Is 1285224503 composite?
True
Is 615203917 a composite number?
False
Is 150909654341 a composite number?
False
Is 5463310819 composite?
True
Is 1603336019 prime?
False
Is 2638468481 composite?
True
Is 3728569153 prime?
True
Is 1614676037 composite?
True
Is 5171747043 prime?
False
Is 621472447 composite?
False
Is 14836595201 a composite number?
True
Is 1550962603 composite?
False
Is 1766746259 a composite number?
False
Is 433037641 composite?
False
Is 1975689539 prime?
True
Is 703747019 composite?
True
Is 23815339 prime?
False
Is 1568581967 a composite number?
False
Is 5713732121 prime?
True
Is 358877219 a composite number?
True
Is 2140046299 a prime number?
True
Is 760601117 prime?
True
Is 69172415161 a composite number?
True
Is 116598884797 composite?
True
Is 353025996529 a prime number?
True
Is 2039459447 composite?
False
Is 621475373 a prime number?
False
Is 1631464979 a prime number?
False
Is 11367553493 a composite number?
False
Is 18375493879 prime?
False
Is 7736708087 composite?
False
Is 487122731 composite?
False
Is 70745154017 a composite number?
False
Is 7378036417 prime?
True
Is 270227707 prime?
False
Is 689053499 a prime number?
False
Is 14756332549 a composite number?
True
Is 4649672791 composite?
True
Is 877911361 composite?
False
Is 6133910929 prime?
True
Is 152150486253 a prime number?
False
Is 3859891613 a prime number?
False
Is 1598695403 composite?
True
Is 18514162337 prime?
False
Is 50217533543 a composite number?
True
Is 340243087 a composite number?
False
Is 9237478849 prime?
True
Is 3051708137 prime?
True
Is 8006506418 composite?
True
Is 4194284951 a prime number?
True
Is 146874670909 composite?
False
Is 774081101 composite?
False
Is 898306819 composite?
False
Is 54295662667 composite?
False
Is 14359755781 a prime number?
False
Is 7097187379 composite?
True
Is 11526539173 prime?
True
Is 983073187 composite?
False
Is 114266158 prime?
False
Is 365012313131 prime?
True
Is 65744077993 prime?
False
Is 537287721 prime?
False
Is 685095569 a prime number?
False
Is 661355623 prime?
False
Is 23320170119 a composite number?
False
Is 4644443669 prime?
False
Is 222988319 composite?
True
Is 243722509 a prime number?
False
Is 64771423 composite?
True
Is 49753699 a composite number?
True
Is 4559523733 prime?
False
Is 14833345162 a composite number?
True
Is 3523872869 prime?
False
Is 323365667741 prime?
True
Is 4570648991 a composite number?
True
Is 3036381493 composite?
False
Is 350127163 a composite number?
False
Is 29581570271 prime?
False
Is 9650467 prime?
True
Is 33393496271 prime?
True
Is 26889651557 a prime number?
True
Is 138837379277 a prime number?
False
Is 2066399 prime?
True
Is 105662577103 prime?
True
Is 439881097 a prime number?
False
Is 308260288769 a composite number?
False
Is 230811011 a composite number?
False
Is 20531786047 prime?
True
Is 4544160037 a prime number?
True
Is 7910940373 a prime number?
False
Is 10272211949 a composite number?
False
Is 118038757007 composite?
True
Is 6476777401 composite?
False
Is 42351954163 composite?
True
Is 2007974861 a prime number?
False
Is 49652558273 a composite number?
False
Is 164156514233 composite?
False
Is 17524253093 a prime number?
True
Is 590336153 prime?
False
Is 1181121013 a prime number?
True
Is 937138963 a prime number?
True
Is 3301225721 composite?
False
Is 1740867043 a composite number?
False
Is 39481894486 a composite number?
True
Is 6284577587 a composite number?
False
Is 19588372941 prime?
False
Is 43750883237 prime?
False
Is 1322662841 a composite number?
False
Is 14015938681 prime?
True
Is 352176569 composite?
True
Is 2918359021 composite?
True
Is 504661057 a composite number?
True
Is 13759326199 a composite number?
False
Is 31943846989 a composite number?
True
Is 177344231 a composite number?
False
Is 24464944309 a p